lue of (-3 - 3) + (1 - -1)?
-4
What is 1 + -2 + 7 + -4?
2
What is the value of 8 + -3 + 0 + 5?
10
What is the value of 10 + (-6 - 3 - 2)?
-1
Evaluate -1 + 2 - (-9 - -3).
7
Calculate (5 - -2) + -12 - -1.
-4
(-20 - -25) + (-3 - -4)
6
Calculate -13 + -3 + 7 - -7.
-2
Calculate -1 + 0 + 0 + 1 + -3.
-3
What is the value of -2 - (-2 + 2 - (21 - 20))?
-1
Evaluate 4 + -4 + -4 + (-7 - -10).
-1
Evaluate -147 - -150 - (-3 - -1 - -4).
1
What is the value of 0 + 2 - (-1 + 3 + -4)?
4
-5 + (-3 - (-16 - -11))
-3
Evaluate (2 - -2) + -6 + (-5 - -3).
-4
Evaluate -1 + -2 + 5 + -7.
-5
What is the value of (-5 - -1) + (0 - -2 - 1)?
-3
Evaluate -6 + (5 - -2) + -3.
-2
What is -2 - (1 + -3) - (1 + -6)?
5
-10 + 14 + -7 + -1
-4
Calculate (91 - 100) + 1 + 8.
0
What is the value of -16 + 12 - (-1 + -1)?
-2
What is the value of -5 - (-1 - 2) - (-17 - -13)?
2
(-4 - -13) + -12 + 7
4
What is -1 + 1 + -1 + 6?
5
What is (5 - (4 + 1)) + -5?
-5
0 - 0 - (-9 - -4) - 1
4
What is the value of -3 - (1 + -1 - (2 - 3))?
-4
What is the value of 6 - (-4 - (-12 - -7))?
5
Calculate 0 + 0 + -8 + 11.
3
Calculate (5 - (-1 + 0)) + -2.
4
Evaluate -6 - (4 + (-2 - -2) + -10).
0
Evaluate (0 - 8 - -4) + 4.
0
Evaluate 0 - (2 + 0 + 7 + -4).
-5
What is the value of 1 + -1 + 1 - (16 + -19)?
4
What is the value of 4 + (1 + -2 - 0)?
3
Calculate 1 + -1 + 6 - 2.
4
What is -7 - (-7 - -4) - (0 - 0)?
-4
-1 - (4 + (-3 - 5)) - 1
2
What is 5 + (-1 - 3) + 1?
2
Calculate 0 - (2 - 3) - 5.
-4
What is -7 - (-4 + 4 + (-1 - 1))?
-5
Calculate 13 + -12 + (2 - -3) + -5.
1
0 + (0 - 2) + (19 - 15)
2
Evaluate 2 - (-2 - 0) - (-27 + 34).
-3
Evaluate 2 + -7 - 0 - (23 - 27).
-1
Calculate -12 + (-5 - -10) + 7.
0
-11 - (11 + (-3 - 17))
-2
Calculate 2 + (2 - 1) + -6.
-3
(7 - 0) + 63 + -65
5
What is (-4 - -7) + (1 - (4 - 3))?
3
2 + -6 + 7 + 0 - 0
3
(-11 - -22) + -14 + 13
10
What is the value of (15 + -14 - (6 + 0)) + 2?
-3
3 - (-5 - -8) - (0 - 0)
0
11 - 5 - (1 + 2)
3
9 + -6 + 6 + -6
3
Evaluate (4 - (-4 + 5)) + -7 - 1.
-5
What is the value of 20 - (-2 - (10 + -23))?
9
What is 4 + -5 + (-4 - -1)?
-4
What is -3 - (-2 - -8 - 12)?
3
Evaluate 5 + -8 - (-16 - -6).
7
Calculate 4 - (0 - -7 - 7).
4
Evaluate (-15 - (-12 - -10)) + 15.
2
What is the value of 0 + 4 - (-26 + 28)?
2
Evaluate -3 + -1 + -1 - (-59 + 55).
-1
Evaluate 1 + 0 + -6 + 5.
0
What is the value of 8 + -10 + (2 + -3 - -9)?
6
What is the value of 0 + 0 - 5 - (14 + -18)?
-1
(3 - ((0 - 4) + 5)) + -5
-3
What is (-5 - -7) + -3 + -4?
-5
3 + (-5 - -3 - -2) - 8
-5
Evaluate -10 + (8 - (9 + -3)).
-8
What is the value of (15 - (-3 + 14)) + -6?
-2
What is the value of -2 + (2 - 7) + (2 - -1)?
-4
What is (2 - (8 - 3)) + -2?
-5
Calculate (-3 - 0) + -6 - (0 + -4).
-5
-1 + 0 - (-1 - -6 - 1)
-5
Calculate (-3 - -12) + -5 - 6.
-2
-37 + 29 - (2 + -10)
0
Evaluate 1 + -3 + 0 + -1.
-3
Calculate -7 + 11 + (1 + 0 - 1).
4
Evaluate (4 - 5 - 1) + (-1 - -1).
-2
Evaluate (5 - -1) + -12 + 8 + -2.
0
Calculate -7 + 7 - (-5 - 0).
5
Calculate (0 + 0 - 3) + -237 + 233.
-7
Calculate 4 + (-1 - -5) - 3.
5
-7 + 3 - (0 + -3)
-1
-21 + (25 - 13 - 0)
-9
Calculate -7 - -6 - (1 + -2) - 4.
-4
(-3 - (1 - 3)) + 2
1
9 - (13 + -11 + 12)
-5
Calculate 3 - -2 - (0 - (-1 - 7)).
-3
What is -10 - -16 - (6 + 0)?
0
Calculate (-7 - -7) + -1 + 0.
-1
Calculate -4 + 2 + -5 + 4.
-3
What is the value of -18 + 0 + (20 - 11)?
-9
What is 7 + -6 + 4 + 0 + 0?
5
What is the value of 2 + 3 + (-24 - -11) - -2?
-6
Evaluate -4 + -4 + 8 + 4 + 0.
4
Evaluate -5 - ((8 - 3) + -2 + -4).
-4
What is the value of 4 + -3 + (-5 - (-5 + 9))?
-8
What is -5 - (0 - 6) - 4?
-3
Calculate 3 + (6 - 8) - (6 + -5).
0
What is -3 + 2 + 3 + 4 - 5?
1
What is the value of -1 - (0 + (2 - (-1 - -6)))?
2
What is -1 - -11 - 9 - (6 + -1)?
-4
What is the value of (4 - 8) + 10 + -2?
4
Calculate (58 - 50) + 1 + -6.
3
Calculate -1 + (0 + 2 - (-13 + 10)).
4
14 - (7 + -1) - 1
7
-7 - ((6 - 8) + (-4 - -3))
-4
Evaluate -2 + -5 - (0 - 11).
4
Calculate 6 - 9 - (-2 - -1 - -2).
-4
What is -3 - (-6 - -4) - 1?
-2
What is -5 + -4 + 8 + 1?
0
What is the value of (-5 + 3 + 1 - 2) + 6?
3
6 - 7 - -3 - 4
-2
What is the value of (5 - 2) + -3 - (3 + -1)?
-2
What is the value of -4 - (91 - 92 - (0 - 2))?
-5
What is 7 + ((2 - -1) + -1 - 6)?
3
What is (1 - -8) + -9 + 3?
3
-2 - (4 - 8) - 0
2
What is the value of 13 - 14 - (-1 - (0 - 1))?
-1
What is 7 + -2 + -2 + -5?
-2
Calculate -1 + 2 - (13 - 9 - 7).
4
4 + (-1 - 4 - 1) + 0
-2
-1 + (1 - -1) + (1 - -1)
3
What is 4 + (6 - 8) + 0?
2
Evaluate -5 - (-2 - (-10 + 8)).
-5
Calculate -6 - (-7 - -11 - 6).
-4
-2 + 2 + -2 + -2 + -1
-5
What is the value of -4 + (2 - (3 + -1)) + 5?
1
(0 - 4) + (10 - (7 + -3))
2
What is the value of -2 - (2 - (4 - 1))?
-1
What is 14 + (-31 - (-22 + 10))?
-5
5 + (2 + 0 - (-5 - -10))
2
Calculate (-8 - -5 - -2) + 6 - 7.
-2
What is -3 + 10 + 39 + -45?
1
What is 5 + (0 - -2 - (11 - 11))?
7
Evaluate (-1 - (-15 - -3) - -1) + -4.
8
What is the value of 3 + 2 - 1 - (0 - 1)?
5
12 + -20 - (10 - 19)
1
Calculate -10 + (0 - 0) - (248 - 252).
-6
3 - (-3 - -4) - -3
5
Calculate 1 - -2 - (1 - (-2 + 4)).
4
Calculate -346 - -349 - (0 - (-2 - -1)).
2
Evaluate (-14 - -14 - 4) + -1 + 4.
-1
-5 - 1 - (10 - -2 - 12)
-6
Calculate -15 - (-10 - -2) - (-1 - 1).
-5
Evaluate (5 - 6 - -5 - 6) + -2.
-4
Evaluate 5 + -4 + (3 - (9 - 5)).
0
What is 0 + 2 - (30 + -21)?
-7
What is -16 + 10 + 1 - -3?
-2
What is 2 - (-5 + 8 - 1)?
0
What is -9 - -3 - (-2 + -1 - 1)?
-2
Evaluate (11 + -4 - (-4 - -4)) + -10.
-3
What is 0 - (2 + -3 + 4) - -5?
2
-4 - (-8 + 1 + 10) - -12
5
What is the value of (3 - 8 - -3 - -15) + -8?
5
What is -18 - (-21 - (4 - 13))?
-6
-2 + -5 - (4 + -7)
-4
Evaluate 5 + (-12 - (-3 - 1)) - -9.
6
(7 - (-1 - -1)) + (-8 - -5)
4
What is 6 + (-1 - -3) + 2 - 4?
6
Evaluate (-1 - (-6 - -9)) + (0 - 0).
-4
Calculate 6 + -3 + (4 - 3) - 1.
3
-5 + (-1 + 7 - (19 + -16))
-2
Calculate -5 + (7 - -2) + 1 + 3.
8
Evaluate -6 - ((-4 - -5) + 1) - 0.
-8
Evaluate (-4 - -3) + 5 + 1 - 0.
5
(-6 - (0 + 0)) + 2
-4
What is 11 - (28 + -25 - (1 - 3))?
6
Calculate -15 + 2 - (-15 + 5).
-3
What is the value of 1 - -1 - (0 + -3 - -4)?
1
What is the value of 8 + (1 - 8 - -1)?
2
What is the value of (4 - 4) + -7 + 7?
0
Calculate -3 + (2 - (6 - 2)).
-5
What is (2 - (3 - 0)) + 4 - 3?
0
Calculate 97 + -102 - (1 + 0).
-6
What is 0 + -4 + -1 + 1?
-4
What is the value of -7 + 17 - 1 - 0?
9
What is the value of -7 + (1 + 10 - 2)?
2
What is 4 + -8 + 9 + -9?
-4
(-2 - 4) + 8 - 4
-2
-1 + -4 + -3 + 13 + -9
-4
Calculate -6 - (-7 + 2 + 3).
-4
78 + -88 + (9 - -1)
0
What is the value of 3 - 16 - (-28 - -15)?
0
Evaluate (-7 - ((6 - 3) + -3)) + -2.
-9
3 + -5 + (0 - 3)
-5
20 + -27 + 14 - (13 - 1)
-5
(3 - 7) + 3 + -3 + 1
-3
Calculate 1 - 8 - (-9 + 7).
-5
Calculate 0 + (12 - 5) - (1 + 5).
1
Calculate 1 - ((-6 - -8) + -11 + 5).
5
Evaluate -3 + 4 + -1 - (-1 - -1).
0
What is 2 + 3 + (-9 - 1) - -1?
-4
Calculate -31 + 21 - (-6 - -3).
-7
7 + -1 + (-12 - -1)
-5
Evaluate -2 + 13 + (3 - 11).
3
Calculate -3 + 1 + -2 + 6 + -1.
1
What is -1 + 0 + (-1 - 2) + 3?
-1
(-40 - -50) + (2 - 11)
1
Calculate -8 - (-4 + 10 + -8).
-6
Calculate (0 - (-1 + 3)) + (-38 - -45).
5
Calculate (-8 - -7) + (1 - 0 - 5).
-5
-10 + 9 - (-1 + 1)
-1
What is the value of (-1 + -2 + 7 - 2) + -2?
0
Calculate (-1 - 1) + (-6 + 6 - -1).
-1
Evaluate (-2 - -11) + (-1 - 7).
1
-11 + 17 - (-2 - -2)
6
What is 7 + -1 + -11 + (0 - -1)?
-4
Calculate -29 + 26 - (-2 - -1).
-2
What is the value of (-3 - (-11 + 0)) + -7?
1
-3 + (5 - (-3 - -2) - 1)
2
What is the value of 11 + 2 + (7 + -6 - 8)?
6
Calculate 7 + -1 - (21 + -20).
5
-9 + 3 + 7 + 5
6
(2 - (3 + -4)) + (-6 - -8)
5
What is the value of (-5 - 1) + 0 + -8 + 10?
-4
Calculate -2 + (4 - (2 - 7)).
7
4 + (-2 - (1 + -3) - 1)
3
3 - (7 - (10 + -7) - 7)
6
What is -9 - 0 - -11 - (-1 + 0)?
3
4 - ((-3 + 3 - -3) + -4)
5
What is the value of (19 - 16) + (-5 - (-1 + 1))?
-2
Calculate -13 + 15 - (0 + 5).
-3
(6 - 7) + -4 + 16 + -6
5
What is 1 + (-3 - 3) + 0?
-5
What is 1 + 1 - (0 - 0)?
2
-9 + 6 - (5 + -16 + 5)
3
What is 9 + -2 + 7 + -7 + 0?
7
Calculate -6 + (1 - -3) - (4 + -7).
1
-10 + 1 + (0 - -4) + 2
-3
Calculate 4 - (6 + 3) - 0.
-5
Calculate 9 - 1 - 4 - -1.
5
What is 1 - -1 - (-1 + 7)?
-4
-2 - (-2 - 4) - 4
0
What is (23 - 27 - (1 - 6)) + -1?
0
14 + -20 + 1 + 2
-3
5 + ((6 - 25) + 3 - -8)
-3
What is the value of -8 - (-8 + 6 + -1 + 1)?
-6
What is